{"id":106,"date":"2017-02-28T16:10:12","date_gmt":"2017-02-28T15:10:12","guid":{"rendered":"http:\/\/liap.eu\/?page_id=106"},"modified":"2022-10-20T12:23:57","modified_gmt":"2022-10-20T10:23:57","slug":"kontakt","status":"publish","type":"page","link":"https:\/\/liap.eu\/index.php\/de\/kontakt\/","title":{"rendered":"Kontakt"},"content":{"rendered":"\n<p><span style=\"color: #46596e; font-size: 25px;\"><strong>LIA gemeinn\u00fctzige GmbH<\/strong><\/span><br>ANNA-LOUISE ROLLAND<br>Gesch\u00e4ftsf\u00fchrerin<\/p>\n\n\n\n<div class=\"wp-block-columns is-layout-flex wp-container-core-columns-is-layout-1 wp-block-columns-is-layout-flex\">\n<div class=\"wp-block-column is-layout-flow wp-block-column-is-layout-flow\" style=\"--col-width:50%;flex-basis:50%\">\n<figure class=\"wp-block-table is-style-tw-border-h\"><table><tbody><tr><td>Adresse:<\/td><td>Spinnereistra\u00dfe 7, Halle 18, 2. Stock rechts<br>04179 Leipzig<br>Germany<\/td><\/tr><tr><td>E-mail:<\/td><td><a href=\"mailto:artists@LIAp.eu\">artists@liap.eu<\/a><\/td><\/tr><tr><td>Telefon:<\/td><td>+49 (0) 176 2187 9295<\/td><\/tr><tr><td>Information:<\/td><td>Marina Diaz Molina<br>Programm Koordination<br><a href=\"mailto:marina.diaz@LIAp.eu\">marina.diaz@LIAp.eu<\/a><br>Mo-Do 10:00 &#8211; 16:00<br>Mobil: +49 (0) 1511 0026 186<\/td><\/tr><tr><td>&nbsp;<\/td><td>POSTANSCHRIFT<br>LIA gemeinn\u00fctzige GmbH<br>Anna-Louise Rolland<br>Winklerstr. 9<br>14193 Berlin<br><a href=\"mailto:anna@liap.eu\">anna@liap.eu<\/a><\/td><\/tr><\/tbody><\/table><\/figure>\n<\/div>\n\n\n\n<div class=\"wp-block-column is-layout-flow wp-block-column-is-layout-flow\" style=\"--col-width:50%;flex-basis:50%\">\n<div class=\"wp-block-buttons is-content-justification-right is-layout-flex wp-container-core-buttons-is-layout-1 wp-block-buttons-is-layout-flex\">\n<div class=\"wp-block-button has-custom-width wp-block-button__width-25 has-custom-font-size is-style-outline is-style-outline--be1847a29a24a123d332ee8f44eeac17\" style=\"font-size:10px\"><a class=\"wp-block-button__link\" href=\"https:\/\/liap.eu\/index.php\/de\/anreise\/\">Anreise<\/a><\/div>\n<\/div>\n<\/div>\n<\/div>\n\n\n\n<p>Bei Fragen kontaktieren Sie uns:<\/p>\n\n\n<div class=\"wpforms-container wpforms-container-full\" id=\"wpforms-2269\"><form id=\"wpforms-form-2269\" class=\"wpforms-validate wpforms-form\" data-formid=\"2269\" method=\"post\" enctype=\"multipart\/form-data\" action=\"\/index.php\/wp-json\/wp\/v2\/pages\/106\" data-token=\"a033d81101cb2bc15e5939f7a405e097\" data-token-time=\"1777649903\"><noscript class=\"wpforms-error-noscript\">Please enable JavaScript in your browser to complete this form.<\/noscript><div class=\"wpforms-field-container\"><div id=\"wpforms-2269-field_2-container\" class=\"wpforms-field wpforms-field-name\" data-field-id=\"2\"><label class=\"wpforms-field-label\" for=\"wpforms-2269-field_2\">Name <span class=\"wpforms-required-label\">*<\/span><\/label><div class=\"wpforms-field-row wpforms-field-medium\"><div class=\"wpforms-field-row-block wpforms-first wpforms-one-half\"><input type=\"text\" id=\"wpforms-2269-field_2\" class=\"wpforms-field-name-first wpforms-field-required\" name=\"wpforms[fields][2][first]\" placeholder=\"Vorname\" required><label for=\"wpforms-2269-field_2\" class=\"wpforms-field-sublabel after wpforms-sublabel-hide\">First<\/label><\/div><div class=\"wpforms-field-row-block wpforms-one-half\"><input type=\"text\" id=\"wpforms-2269-field_2-last\" class=\"wpforms-field-name-last wpforms-field-required\" name=\"wpforms[fields][2][last]\" placeholder=\"Nachname\" required><label for=\"wpforms-2269-field_2-last\" class=\"wpforms-field-sublabel after wpforms-sublabel-hide\">Last<\/label><\/div><\/div><\/div><div id=\"wpforms-2269-field_3-container\" class=\"wpforms-field wpforms-field-email\" data-field-id=\"3\"><label class=\"wpforms-field-label\" for=\"wpforms-2269-field_3\">Email <span class=\"wpforms-required-label\">*<\/span><\/label><input type=\"email\" id=\"wpforms-2269-field_3\" class=\"wpforms-field-medium wpforms-field-required\" name=\"wpforms[fields][3]\" spellcheck=\"false\" required><\/div><div id=\"wpforms-2269-field_1-container\" class=\"wpforms-field wpforms-field-text\" data-field-id=\"1\"><label class=\"wpforms-field-label\" for=\"wpforms-2269-field_1\">Betreff <span class=\"wpforms-required-label\">*<\/span><\/label><input type=\"text\" id=\"wpforms-2269-field_1\" class=\"wpforms-field-medium wpforms-field-required\" name=\"wpforms[fields][1]\" required><\/div><div id=\"wpforms-2269-field_4-container\" class=\"wpforms-field wpforms-field-textarea\" data-field-id=\"4\"><label class=\"wpforms-field-label\" for=\"wpforms-2269-field_4\">Nachricht <span class=\"wpforms-required-label\">*<\/span><\/label><textarea id=\"wpforms-2269-field_4\" class=\"wpforms-field-medium wpforms-field-required\" name=\"wpforms[fields][4]\" required><\/textarea><\/div><div id=\"wpforms-2269-field_5-container\" class=\"wpforms-field wpforms-field-checkbox\" data-field-id=\"5\"><label class=\"wpforms-field-label\">Datenschutz <span class=\"wpforms-required-label\">*<\/span><\/label><ul id=\"wpforms-2269-field_5\" class=\"wpforms-field-required\"><li class=\"choice-1 depth-1\"><input type=\"checkbox\" id=\"wpforms-2269-field_5_1\" name=\"wpforms[fields][5][]\" value=\"Hiermit best\u00e4tige ich, die &lt;a href=&quot;https:\/\/liap.eu\/index.php\/de\/datenschutz\/&quot; target=&quot;_blank&quot; &gt;Datenschutzerkl\u00e4rung&lt;\/a&gt; gelesen und akzeptiert zu haben.\" required ><label class=\"wpforms-field-label-inline\" for=\"wpforms-2269-field_5_1\">Hiermit best\u00e4tige ich, die <a href=\"https:\/\/liap.eu\/index.php\/de\/datenschutz\/\" target=\"_blank\">Datenschutzerkl\u00e4rung<\/a> gelesen und akzeptiert zu haben.<\/label><\/li><\/ul><\/div><\/div><!-- .wpforms-field-container --><div class=\"wpforms-field wpforms-field-hp\"><label for=\"wpforms-2269-field-hp\" class=\"wpforms-field-label\">Website<\/label><input type=\"text\" name=\"wpforms[hp]\" id=\"wpforms-2269-field-hp\" class=\"wpforms-field-medium\"><\/div><div class=\"wpforms-submit-container\" ><input type=\"hidden\" name=\"wpforms[id]\" value=\"2269\"><input type=\"hidden\" name=\"page_title\" value=\"\"><input type=\"hidden\" name=\"page_url\" value=\"https:\/\/liap.eu\/index.php\/wp-json\/wp\/v2\/pages\/106\"><input type=\"hidden\" name=\"url_referer\" value=\"\"><button type=\"submit\" name=\"wpforms[submit]\" id=\"wpforms-submit-2269\" class=\"wpforms-submit\" data-alt-text=\"Sending...\" data-submit-text=\"Submit\" aria-live=\"assertive\" value=\"wpforms-submit\">Submit<\/button><\/div><\/form><\/div>  <!-- .wpforms-container -->\n","protected":false},"excerpt":{"rendered":"<p>LIA gemeinn\u00fctzige GmbHANNA-LOUISE ROLLANDGesch\u00e4ftsf\u00fchrerin Adresse: Spinnereistra\u00dfe 7, Halle 18, 2. Stock rechts04179 LeipzigGermany E-mail: artists@liap.eu Telefon: +49 (0) 176 2187 9295 Information: Marina Diaz MolinaProgramm Koordinationmarina.diaz@LIAp.euMo-Do 10:00 &#8211; 16:00Mobil: +49 (0) 1511 0026 186 &nbsp; POSTANSCHRIFTLIA gemeinn\u00fctzige GmbHAnna-Louise RollandWinklerstr. 914193 Berlinanna@liap.eu Bei Fragen kontaktieren Sie uns:<\/p>\n","protected":false},"author":3,"featured_media":0,"parent":0,"menu_order":0,"comment_status":"closed","ping_status":"closed","template":"templates\/template-full-width.php","meta":{"om_disable_all_campaigns":false,"_uag_custom_page_level_css":"","footnotes":""},"class_list":["post-106","page","type-page","status-publish","hentry"],"yoast_head":"<!-- This site is optimized with the Yoast SEO plugin v25.6 - https:\/\/yoast.com\/wordpress\/plugins\/seo\/ -->\n<title>Kontakt - LIA<\/title>\n<meta name=\"robots\" content=\"index, follow, max-snippet:-1, max-image-preview:large, max-video-preview:-1\" \/>\n<link rel=\"canonical\" href=\"https:\/\/liap.eu\/index.php\/de\/kontakt\/\" \/>\n<meta property=\"og:locale\" content=\"en_GB\" \/>\n<meta property=\"og:type\" content=\"article\" \/>\n<meta property=\"og:title\" content=\"Kontakt - LIA\" \/>\n<meta property=\"og:description\" content=\"LIA gemeinn\u00fctzige GmbHANNA-LOUISE ROLLANDGesch\u00e4ftsf\u00fchrerin Adresse: Spinnereistra\u00dfe 7, Halle 18, 2. Stock rechts04179 LeipzigGermany E-mail: artists@liap.eu Telefon: +49 (0) 176 2187 9295 Information: Marina Diaz MolinaProgramm Koordinationmarina.diaz@LIAp.euMo-Do 10:00 &#8211; 16:00Mobil: +49 (0) 1511 0026 186 &nbsp; POSTANSCHRIFTLIA gemeinn\u00fctzige GmbHAnna-Louise RollandWinklerstr. 914193 Berlinanna@liap.eu Bei Fragen kontaktieren Sie uns:\" \/>\n<meta property=\"og:url\" content=\"https:\/\/liap.eu\/index.php\/de\/kontakt\/\" \/>\n<meta property=\"og:site_name\" content=\"LIA\" \/>\n<meta property=\"article:publisher\" content=\"https:\/\/www.facebook.com\/LIAprogramme\" \/>\n<meta property=\"article:modified_time\" content=\"2022-10-20T10:23:57+00:00\" \/>\n<meta name=\"twitter:card\" content=\"summary_large_image\" \/>\n<meta name=\"twitter:label1\" content=\"Estimated reading time\" \/>\n\t<meta name=\"twitter:data1\" content=\"1 minute\" \/>\n<script type=\"application\/ld+json\" class=\"yoast-schema-graph\">{\"@context\":\"https:\/\/schema.org\",\"@graph\":[{\"@type\":\"WebPage\",\"@id\":\"https:\/\/liap.eu\/index.php\/de\/kontakt\/\",\"url\":\"https:\/\/liap.eu\/index.php\/de\/kontakt\/\",\"name\":\"Kontakt - LIA\",\"isPartOf\":{\"@id\":\"https:\/\/liap.eu\/#website\"},\"datePublished\":\"2017-02-28T15:10:12+00:00\",\"dateModified\":\"2022-10-20T10:23:57+00:00\",\"breadcrumb\":{\"@id\":\"https:\/\/liap.eu\/index.php\/de\/kontakt\/#breadcrumb\"},\"inLanguage\":\"en-GB\",\"potentialAction\":[{\"@type\":\"ReadAction\",\"target\":[\"https:\/\/liap.eu\/index.php\/de\/kontakt\/\"]}]},{\"@type\":\"BreadcrumbList\",\"@id\":\"https:\/\/liap.eu\/index.php\/de\/kontakt\/#breadcrumb\",\"itemListElement\":[{\"@type\":\"ListItem\",\"position\":1,\"name\":\"Startseite\",\"item\":\"https:\/\/liap.eu\/index.php\/de\/\"},{\"@type\":\"ListItem\",\"position\":2,\"name\":\"Kontakt\"}]},{\"@type\":\"WebSite\",\"@id\":\"https:\/\/liap.eu\/#website\",\"url\":\"https:\/\/liap.eu\/\",\"name\":\"LIA - Leipzig International Art Programme\",\"description\":\"Leipzig International Art Programme\",\"publisher\":{\"@id\":\"https:\/\/liap.eu\/#organization\"},\"potentialAction\":[{\"@type\":\"SearchAction\",\"target\":{\"@type\":\"EntryPoint\",\"urlTemplate\":\"https:\/\/liap.eu\/?s={search_term_string}\"},\"query-input\":{\"@type\":\"PropertyValueSpecification\",\"valueRequired\":true,\"valueName\":\"search_term_string\"}}],\"inLanguage\":\"en-GB\"},{\"@type\":\"Organization\",\"@id\":\"https:\/\/liap.eu\/#organization\",\"name\":\"Leipzig International Art Programme\",\"url\":\"https:\/\/liap.eu\/\",\"logo\":{\"@type\":\"ImageObject\",\"inLanguage\":\"en-GB\",\"@id\":\"https:\/\/liap.eu\/#\/schema\/logo\/image\/\",\"url\":\"https:\/\/liap.eu\/wp-content\/uploads\/2021\/11\/LIAP.jpg\",\"contentUrl\":\"https:\/\/liap.eu\/wp-content\/uploads\/2021\/11\/LIAP.jpg\",\"width\":870,\"height\":140,\"caption\":\"Leipzig International Art Programme\"},\"image\":{\"@id\":\"https:\/\/liap.eu\/#\/schema\/logo\/image\/\"},\"sameAs\":[\"https:\/\/www.facebook.com\/LIAprogramme\",\"https:\/\/www.instagram.com\/lia_programme\/\",\"https:\/\/www.youtube.com\/channel\/UCVp_APjH6wtmApuu5kWgUqA\/videos\"]}]}<\/script>\n<!-- \/ Yoast SEO plugin. -->","yoast_head_json":{"title":"Kontakt - LIA","robots":{"index":"index","follow":"follow","max-snippet":"max-snippet:-1","max-image-preview":"max-image-preview:large","max-video-preview":"max-video-preview:-1"},"canonical":"https:\/\/liap.eu\/index.php\/de\/kontakt\/","og_locale":"en_GB","og_type":"article","og_title":"Kontakt - LIA","og_description":"LIA gemeinn\u00fctzige GmbHANNA-LOUISE ROLLANDGesch\u00e4ftsf\u00fchrerin Adresse: Spinnereistra\u00dfe 7, Halle 18, 2. Stock rechts04179 LeipzigGermany E-mail: artists@liap.eu Telefon: +49 (0) 176 2187 9295 Information: Marina Diaz MolinaProgramm Koordinationmarina.diaz@LIAp.euMo-Do 10:00 &#8211; 16:00Mobil: +49 (0) 1511 0026 186 &nbsp; POSTANSCHRIFTLIA gemeinn\u00fctzige GmbHAnna-Louise RollandWinklerstr. 914193 Berlinanna@liap.eu Bei Fragen kontaktieren Sie uns:","og_url":"https:\/\/liap.eu\/index.php\/de\/kontakt\/","og_site_name":"LIA","article_publisher":"https:\/\/www.facebook.com\/LIAprogramme","article_modified_time":"2022-10-20T10:23:57+00:00","twitter_card":"summary_large_image","twitter_misc":{"Estimated reading time":"1 minute"},"schema":{"@context":"https:\/\/schema.org","@graph":[{"@type":"WebPage","@id":"https:\/\/liap.eu\/index.php\/de\/kontakt\/","url":"https:\/\/liap.eu\/index.php\/de\/kontakt\/","name":"Kontakt - LIA","isPartOf":{"@id":"https:\/\/liap.eu\/#website"},"datePublished":"2017-02-28T15:10:12+00:00","dateModified":"2022-10-20T10:23:57+00:00","breadcrumb":{"@id":"https:\/\/liap.eu\/index.php\/de\/kontakt\/#breadcrumb"},"inLanguage":"en-GB","potentialAction":[{"@type":"ReadAction","target":["https:\/\/liap.eu\/index.php\/de\/kontakt\/"]}]},{"@type":"BreadcrumbList","@id":"https:\/\/liap.eu\/index.php\/de\/kontakt\/#breadcrumb","itemListElement":[{"@type":"ListItem","position":1,"name":"Startseite","item":"https:\/\/liap.eu\/index.php\/de\/"},{"@type":"ListItem","position":2,"name":"Kontakt"}]},{"@type":"WebSite","@id":"https:\/\/liap.eu\/#website","url":"https:\/\/liap.eu\/","name":"LIA - Leipzig International Art Programme","description":"Leipzig International Art Programme","publisher":{"@id":"https:\/\/liap.eu\/#organization"},"potentialAction":[{"@type":"SearchAction","target":{"@type":"EntryPoint","urlTemplate":"https:\/\/liap.eu\/?s={search_term_string}"},"query-input":{"@type":"PropertyValueSpecification","valueRequired":true,"valueName":"search_term_string"}}],"inLanguage":"en-GB"},{"@type":"Organization","@id":"https:\/\/liap.eu\/#organization","name":"Leipzig International Art Programme","url":"https:\/\/liap.eu\/","logo":{"@type":"ImageObject","inLanguage":"en-GB","@id":"https:\/\/liap.eu\/#\/schema\/logo\/image\/","url":"https:\/\/liap.eu\/wp-content\/uploads\/2021\/11\/LIAP.jpg","contentUrl":"https:\/\/liap.eu\/wp-content\/uploads\/2021\/11\/LIAP.jpg","width":870,"height":140,"caption":"Leipzig International Art Programme"},"image":{"@id":"https:\/\/liap.eu\/#\/schema\/logo\/image\/"},"sameAs":["https:\/\/www.facebook.com\/LIAprogramme","https:\/\/www.instagram.com\/lia_programme\/","https:\/\/www.youtube.com\/channel\/UCVp_APjH6wtmApuu5kWgUqA\/videos"]}]}},"uagb_featured_image_src":{"full":false,"thumbnail":false,"medium":false,"medium_large":false,"large":false,"1536x1536":false,"2048x2048":false,"post-thumbnail":false,"twentytwenty-fullscreen":false},"uagb_author_info":{"display_name":"admin","author_link":"https:\/\/liap.eu\/index.php\/author\/admin\/"},"uagb_comment_info":0,"uagb_excerpt":"LIA gemeinn\u00fctzige GmbHANNA-LOUISE ROLLANDGesch\u00e4ftsf\u00fchrerin Adresse: Spinnereistra\u00dfe 7, Halle 18, 2. Stock rechts04179 LeipzigGermany E-mail: artists@liap.eu Telefon: +49 (0) 176 2187 9295 Information: Marina Diaz MolinaProgramm Koordinationmarina.diaz@LIAp.euMo-Do 10:00 &#8211; 16:00Mobil: +49 (0) 1511 0026 186 &nbsp; POSTANSCHRIFTLIA gemeinn\u00fctzige GmbHAnna-Louise RollandWinklerstr. 914193 Berlinanna@liap.eu Bei Fragen kontaktieren Sie uns:","_links":{"self":[{"href":"https:\/\/liap.eu\/index.php\/wp-json\/wp\/v2\/pages\/106"}],"collection":[{"href":"https:\/\/liap.eu\/index.php\/wp-json\/wp\/v2\/pages"}],"about":[{"href":"https:\/\/liap.eu\/index.php\/wp-json\/wp\/v2\/types\/page"}],"author":[{"embeddable":true,"href":"https:\/\/liap.eu\/index.php\/wp-json\/wp\/v2\/users\/3"}],"replies":[{"embeddable":true,"href":"https:\/\/liap.eu\/index.php\/wp-json\/wp\/v2\/comments?post=106"}],"version-history":[{"count":24,"href":"https:\/\/liap.eu\/index.php\/wp-json\/wp\/v2\/pages\/106\/revisions"}],"predecessor-version":[{"id":10027,"href":"https:\/\/liap.eu\/index.php\/wp-json\/wp\/v2\/pages\/106\/revisions\/10027"}],"wp:attachment":[{"href":"https:\/\/liap.eu\/index.php\/wp-json\/wp\/v2\/media?parent=106"}],"curies":[{"name":"wp","href":"https:\/\/api.w.org\/{rel}","templated":true}]}}