{"id":11415,"date":"2024-10-02T14:32:38","date_gmt":"2024-10-02T12:32:38","guid":{"rendered":"https:\/\/liap.eu\/?page_id=11415"},"modified":"2024-10-02T14:32:38","modified_gmt":"2024-10-02T12:32:38","slug":"11415-2","status":"publish","type":"page","link":"https:\/\/liap.eu\/index.php\/de\/11415-2\/","title":{"rendered":""},"content":{"rendered":"\n<div class=\"wp-block-columns is-layout-flex wp-container-core-columns-is-layout-1 wp-block-columns-is-layout-flex\">\n<div class=\"wp-block-column is-layout-flow wp-block-column-is-layout-flow\" style=\"--col-width:66.66%;flex-basis:66.66%\">\n<h2 class=\"wp-block-heading\">Gemeinsam f\u00fcr eine weltoffene Gesellschaft in Sachsen<\/h2>\n\n\n\n<p><\/p>\n\n\n\n<p><strong>Spendenaufruf<\/strong><\/p>\n\n\n\n<p>Liebe Freundinnen und Freunde,<\/p>\n\n\n\n<p>in einer Zeit, in der gesellschaftliche Spannungen und Polarisierungen zunehmen, ist es wichtiger denn je, Br\u00fccken zwischen den Menschen zu bauen. Genau das tut das gemeinn\u00fctzige LIA \u2013 Leipzig International Art programme.<\/p>\n\n\n\n<p>Unser Ziel ist es, internationale Offenheit und Dialog in Sachsen zu f\u00f6rdern. Durch Podiumsdiskussionen mit Teilnehmern aus allen Teilen der Gesellschaft \u2013 unabh\u00e4ngig von Herkunft, Religion oder politischer Ausrichtung \u2013 schaffen wir R\u00e4ume f\u00fcr Begegnung, Austausch und Verst\u00e4ndigung. Die zeitgleiche Teilnahme von f\u00fcnf internationalen K\u00fcnstlerInnen verschiedener Kulturen und deren dreimonatige Pr\u00e4senz im LIAp sind ein wichtiger Beitrag zur Weiterentwicklung einer weltoffenen Gesellschaft und der freien Kunst.<\/p>\n\n\n\n<p>Unsere Veranstaltungen bringen Menschen zusammen, die sonst selten miteinander ins Gespr\u00e4ch kommen. K\u00fcnstler, Politiker, Aktivisten, Wissenschaftler und B\u00fcrger diskutieren auf Augenh\u00f6he \u00fcber aktuelle Themen und Herausforderungen. Dabei geht es nicht nur darum, unterschiedliche Meinungen zu h\u00f6ren, sondern gemeinsam L\u00f6sungen zu entwickeln, die unsere Gesellschaft zusammenhalten.<\/p>\n\n\n\n<p>Der Erfolg unserer Arbeit ist jedoch auf die Unterst\u00fctzung von Menschen wie Ihnen angewiesen. Jede Spende \u2013 egal in welcher H\u00f6he \u2013 hilft uns, weitere Podiumsdiskussionen zu organisieren, zu publizieren und die Zivilgesellschaft in Sachsen zu st\u00e4rken.<\/p>\n\n\n\n<p>Ihre Spende tr\u00e4gt dazu bei, Vorurteile abzubauen und den interkulturellen Dialog zu f\u00f6rdern. Sie helfen uns, Menschen zusammenzubringen, die gemeinsam an einer offenen und toleranten Zukunft f\u00fcr Sachsen arbeiten wollen. Denn nur durch den Austausch k\u00f6nnen wir Br\u00fccken bauen und ein friedliches Miteinander f\u00f6rdern.<\/p>\n\n\n\n<p>Unterst\u00fctzen Sie uns jetzt und leisten Sie einen wertvollen Beitrag f\u00fcr eine weltoffene und solidarische Gesellschaft. Gemeinsam k\u00f6nnen wir viel bewegen!<\/p>\n\n\n\n<p>Herzlichen Dank f\u00fcr Ihre Unterst\u00fctzung!<\/p>\n\n\n\n<p>Mit freundlichen Gr\u00fc\u00dfen,<\/p>\n<\/div>\n\n\n\n<div class=\"wp-block-column is-layout-flow wp-block-column-is-layout-flow\" style=\"--col-width:33.33%;flex-basis:33.33%\">\n<p class=\"has-primary-color has-text-color has-link-color has-small-font-size wp-elements-c59256c90aee2832ffcc76d7b567768e\" style=\"padding-top:0;padding-bottom:0\"><strong>Anna-Louise Rolland<br><\/strong>Founder\/Director<\/p>\n\n\n\n<p class=\"has-primary-color has-text-color has-link-color has-small-font-size wp-elements-e6bbc893004cb5875150fa20e96a24ac\" style=\"padding-top:0;padding-bottom:0\">Winkler Stra\u00dfe 9, 14193 Berlin<br>mobile:+49(0)17621879295<br>E-Mail:anna.rolland@liap.eu<\/p>\n\n\n\n<div class=\"wp-block-uagb-image uagb-block-1fe0987e wp-block-uagb-image--layout-default wp-block-uagb-image--effect-static wp-block-uagb-image--align-none\"><figure class=\"wp-block-uagb-image__figure\"><img decoding=\"async\" srcset=\"https:\/\/liap.eu\/wp-content\/uploads\/2024\/09\/Anna_Louise_Rolland_copyright_WaltherLeKon_086-1.jpg ,https:\/\/liap.eu\/wp-content\/uploads\/2024\/09\/Anna_Louise_Rolland_copyright_WaltherLeKon_086-1.jpg 780w, https:\/\/liap.eu\/wp-content\/uploads\/2024\/09\/Anna_Louise_Rolland_copyright_WaltherLeKon_086-1.jpg 360w\" sizes=\"(max-width: 480px) 150px\" src=\"https:\/\/liap.eu\/wp-content\/uploads\/2024\/09\/Anna_Louise_Rolland_copyright_WaltherLeKon_086-1.jpg\" alt=\"Panel discussion during Winter Gallery Tour 2024, photo: Walther Le Kon\" class=\"uag-image-11355\" width=\"1916\" height=\"1278\" title=\"Anna_Louise_Rolland_copyright_WaltherLeKon_086\" loading=\"lazy\" role=\"img\"\/><\/figure><\/div>\n\n\n\n<p style=\"font-size:10px\">Podiumsdiskussion w\u00e4hrend des Winter-Rundgangs 2024, Foto: Walther Le Kon<\/p>\n\n\n\n<p class=\"has-small-font-size\"><strong>Spendenkonto<\/strong><\/p>\n\n\n\n<p class=\"has-small-font-size\">LIAp gGmbH, Anna-Louise Rolland<br>Deutsche Bank Leipzig<br>IBAN: DE61 8607 0024 0139 8916 00<br>BIC: DEUTDEDBLEG<br>Verwendungszweck: Spende LIA<\/p>\n<\/div>\n<\/div>\n\n\n\n<p><em>Anna-Louise Rolland<\/em><\/p>\n","protected":false},"excerpt":{"rendered":"<p>Gemeinsam f\u00fcr eine weltoffene Gesellschaft in Sachsen Spendenaufruf Liebe Freundinnen und Freunde, in einer Zeit, in der gesellschaftliche Spannungen und Polarisierungen zunehmen, ist es wichtiger denn je, Br\u00fccken zwischen den Menschen zu bauen. Genau das tut das gemeinn\u00fctzige LIA \u2013 Leipzig International Art programme. Unser Ziel ist es, internationale Offenheit und Dialog in Sachsen zu&hellip;<\/p>\n","protected":false},"author":4,"featured_media":0,"parent":0,"menu_order":0,"comment_status":"closed","ping_status":"closed","template":"templates\/template-full-width.php","meta":{"om_disable_all_campaigns":false,"_uag_custom_page_level_css":"","footnotes":""},"class_list":["post-11415","page","type-page","status-publish","hentry"],"yoast_head":"<!-- This site is optimized with the Yoast SEO plugin v25.6 - https:\/\/yoast.com\/wordpress\/plugins\/seo\/ -->\n<title>- LIA<\/title>\n<meta name=\"robots\" content=\"index, follow, max-snippet:-1, max-image-preview:large, max-video-preview:-1\" \/>\n<link rel=\"canonical\" href=\"https:\/\/liap.eu\/index.php\/de\/11415-2\/\" \/>\n<meta property=\"og:locale\" content=\"en_GB\" \/>\n<meta property=\"og:type\" content=\"article\" \/>\n<meta property=\"og:title\" content=\"- LIA\" \/>\n<meta property=\"og:description\" content=\"Gemeinsam f\u00fcr eine weltoffene Gesellschaft in Sachsen Spendenaufruf Liebe Freundinnen und Freunde, in einer Zeit, in der gesellschaftliche Spannungen und Polarisierungen zunehmen, ist es wichtiger denn je, Br\u00fccken zwischen den Menschen zu bauen. Genau das tut das gemeinn\u00fctzige LIA \u2013 Leipzig International Art programme. Unser Ziel ist es, internationale Offenheit und Dialog in Sachsen zu&hellip;\" \/>\n<meta property=\"og:url\" content=\"https:\/\/liap.eu\/index.php\/de\/11415-2\/\" \/>\n<meta property=\"og:site_name\" content=\"LIA\" \/>\n<meta property=\"article:publisher\" content=\"https:\/\/www.facebook.com\/LIAprogramme\" \/>\n<meta property=\"og:image\" content=\"https:\/\/liap.eu\/wp-content\/uploads\/2024\/09\/Anna_Louise_Rolland_copyright_WaltherLeKon_086-1.jpg\" \/>\n<meta name=\"twitter:card\" content=\"summary_large_image\" \/>\n<meta name=\"twitter:label1\" content=\"Estimated reading time\" \/>\n\t<meta name=\"twitter:data1\" content=\"2 minutes\" \/>\n<script type=\"application\/ld+json\" class=\"yoast-schema-graph\">{\"@context\":\"https:\/\/schema.org\",\"@graph\":[{\"@type\":\"WebPage\",\"@id\":\"https:\/\/liap.eu\/index.php\/de\/11415-2\/\",\"url\":\"https:\/\/liap.eu\/index.php\/de\/11415-2\/\",\"name\":\"- LIA\",\"isPartOf\":{\"@id\":\"https:\/\/liap.eu\/#website\"},\"primaryImageOfPage\":{\"@id\":\"https:\/\/liap.eu\/index.php\/de\/11415-2\/#primaryimage\"},\"image\":{\"@id\":\"https:\/\/liap.eu\/index.php\/de\/11415-2\/#primaryimage\"},\"thumbnailUrl\":\"https:\/\/liap.eu\/wp-content\/uploads\/2024\/09\/Anna_Louise_Rolland_copyright_WaltherLeKon_086-1.jpg\",\"datePublished\":\"2024-10-02T12:32:38+00:00\",\"inLanguage\":\"en-GB\",\"potentialAction\":[{\"@type\":\"ReadAction\",\"target\":[\"https:\/\/liap.eu\/index.php\/de\/11415-2\/\"]}]},{\"@type\":\"ImageObject\",\"inLanguage\":\"en-GB\",\"@id\":\"https:\/\/liap.eu\/index.php\/de\/11415-2\/#primaryimage\",\"url\":\"https:\/\/liap.eu\/wp-content\/uploads\/2024\/09\/Anna_Louise_Rolland_copyright_WaltherLeKon_086-1.jpg\",\"contentUrl\":\"https:\/\/liap.eu\/wp-content\/uploads\/2024\/09\/Anna_Louise_Rolland_copyright_WaltherLeKon_086-1.jpg\",\"width\":1916,\"height\":1278,\"caption\":\"Panel discussion during Winter Gallery Tour 2024, photo: Walther Le Kon\"},{\"@type\":\"WebSite\",\"@id\":\"https:\/\/liap.eu\/#website\",\"url\":\"https:\/\/liap.eu\/\",\"name\":\"LIA - Leipzig International Art Programme\",\"description\":\"Leipzig International Art Programme\",\"publisher\":{\"@id\":\"https:\/\/liap.eu\/#organization\"},\"potentialAction\":[{\"@type\":\"SearchAction\",\"target\":{\"@type\":\"EntryPoint\",\"urlTemplate\":\"https:\/\/liap.eu\/?s={search_term_string}\"},\"query-input\":{\"@type\":\"PropertyValueSpecification\",\"valueRequired\":true,\"valueName\":\"search_term_string\"}}],\"inLanguage\":\"en-GB\"},{\"@type\":\"Organization\",\"@id\":\"https:\/\/liap.eu\/#organization\",\"name\":\"Leipzig International Art Programme\",\"url\":\"https:\/\/liap.eu\/\",\"logo\":{\"@type\":\"ImageObject\",\"inLanguage\":\"en-GB\",\"@id\":\"https:\/\/liap.eu\/#\/schema\/logo\/image\/\",\"url\":\"https:\/\/liap.eu\/wp-content\/uploads\/2021\/11\/LIAP.jpg\",\"contentUrl\":\"https:\/\/liap.eu\/wp-content\/uploads\/2021\/11\/LIAP.jpg\",\"width\":870,\"height\":140,\"caption\":\"Leipzig International Art Programme\"},\"image\":{\"@id\":\"https:\/\/liap.eu\/#\/schema\/logo\/image\/\"},\"sameAs\":[\"https:\/\/www.facebook.com\/LIAprogramme\",\"https:\/\/www.instagram.com\/lia_programme\/\",\"https:\/\/www.youtube.com\/channel\/UCVp_APjH6wtmApuu5kWgUqA\/videos\"]}]}<\/script>\n<!-- \/ Yoast SEO plugin. -->","yoast_head_json":{"title":"- LIA","robots":{"index":"index","follow":"follow","max-snippet":"max-snippet:-1","max-image-preview":"max-image-preview:large","max-video-preview":"max-video-preview:-1"},"canonical":"https:\/\/liap.eu\/index.php\/de\/11415-2\/","og_locale":"en_GB","og_type":"article","og_title":"- LIA","og_description":"Gemeinsam f\u00fcr eine weltoffene Gesellschaft in Sachsen Spendenaufruf Liebe Freundinnen und Freunde, in einer Zeit, in der gesellschaftliche Spannungen und Polarisierungen zunehmen, ist es wichtiger denn je, Br\u00fccken zwischen den Menschen zu bauen. Genau das tut das gemeinn\u00fctzige LIA \u2013 Leipzig International Art programme. Unser Ziel ist es, internationale Offenheit und Dialog in Sachsen zu&hellip;","og_url":"https:\/\/liap.eu\/index.php\/de\/11415-2\/","og_site_name":"LIA","article_publisher":"https:\/\/www.facebook.com\/LIAprogramme","og_image":[{"url":"https:\/\/liap.eu\/wp-content\/uploads\/2024\/09\/Anna_Louise_Rolland_copyright_WaltherLeKon_086-1.jpg","type":"","width":"","height":""}],"twitter_card":"summary_large_image","twitter_misc":{"Estimated reading time":"2 minutes"},"schema":{"@context":"https:\/\/schema.org","@graph":[{"@type":"WebPage","@id":"https:\/\/liap.eu\/index.php\/de\/11415-2\/","url":"https:\/\/liap.eu\/index.php\/de\/11415-2\/","name":"- LIA","isPartOf":{"@id":"https:\/\/liap.eu\/#website"},"primaryImageOfPage":{"@id":"https:\/\/liap.eu\/index.php\/de\/11415-2\/#primaryimage"},"image":{"@id":"https:\/\/liap.eu\/index.php\/de\/11415-2\/#primaryimage"},"thumbnailUrl":"https:\/\/liap.eu\/wp-content\/uploads\/2024\/09\/Anna_Louise_Rolland_copyright_WaltherLeKon_086-1.jpg","datePublished":"2024-10-02T12:32:38+00:00","inLanguage":"en-GB","potentialAction":[{"@type":"ReadAction","target":["https:\/\/liap.eu\/index.php\/de\/11415-2\/"]}]},{"@type":"ImageObject","inLanguage":"en-GB","@id":"https:\/\/liap.eu\/index.php\/de\/11415-2\/#primaryimage","url":"https:\/\/liap.eu\/wp-content\/uploads\/2024\/09\/Anna_Louise_Rolland_copyright_WaltherLeKon_086-1.jpg","contentUrl":"https:\/\/liap.eu\/wp-content\/uploads\/2024\/09\/Anna_Louise_Rolland_copyright_WaltherLeKon_086-1.jpg","width":1916,"height":1278,"caption":"Panel discussion during Winter Gallery Tour 2024, photo: Walther Le Kon"},{"@type":"WebSite","@id":"https:\/\/liap.eu\/#website","url":"https:\/\/liap.eu\/","name":"LIA - Leipzig International Art Programme","description":"Leipzig International Art Programme","publisher":{"@id":"https:\/\/liap.eu\/#organization"},"potentialAction":[{"@type":"SearchAction","target":{"@type":"EntryPoint","urlTemplate":"https:\/\/liap.eu\/?s={search_term_string}"},"query-input":{"@type":"PropertyValueSpecification","valueRequired":true,"valueName":"search_term_string"}}],"inLanguage":"en-GB"},{"@type":"Organization","@id":"https:\/\/liap.eu\/#organization","name":"Leipzig International Art Programme","url":"https:\/\/liap.eu\/","logo":{"@type":"ImageObject","inLanguage":"en-GB","@id":"https:\/\/liap.eu\/#\/schema\/logo\/image\/","url":"https:\/\/liap.eu\/wp-content\/uploads\/2021\/11\/LIAP.jpg","contentUrl":"https:\/\/liap.eu\/wp-content\/uploads\/2021\/11\/LIAP.jpg","width":870,"height":140,"caption":"Leipzig International Art Programme"},"image":{"@id":"https:\/\/liap.eu\/#\/schema\/logo\/image\/"},"sameAs":["https:\/\/www.facebook.com\/LIAprogramme","https:\/\/www.instagram.com\/lia_programme\/","https:\/\/www.youtube.com\/channel\/UCVp_APjH6wtmApuu5kWgUqA\/videos"]}]}},"uagb_featured_image_src":{"full":false,"thumbnail":false,"medium":false,"medium_large":false,"large":false,"1536x1536":false,"2048x2048":false,"post-thumbnail":false,"twentytwenty-fullscreen":false},"uagb_author_info":{"display_name":"LIA","author_link":"https:\/\/liap.eu\/index.php\/author\/bierau\/"},"uagb_comment_info":0,"uagb_excerpt":"Gemeinsam f\u00fcr eine weltoffene Gesellschaft in Sachsen Spendenaufruf Liebe Freundinnen und Freunde, in einer Zeit, in der gesellschaftliche Spannungen und Polarisierungen zunehmen, ist es wichtiger denn je, Br\u00fccken zwischen den Menschen zu bauen. Genau das tut das gemeinn\u00fctzige LIA \u2013 Leipzig International Art programme. Unser Ziel ist es, internationale Offenheit und Dialog in Sachsen zu&hellip;","_links":{"self":[{"href":"https:\/\/liap.eu\/index.php\/wp-json\/wp\/v2\/pages\/11415"}],"collection":[{"href":"https:\/\/liap.eu\/index.php\/wp-json\/wp\/v2\/pages"}],"about":[{"href":"https:\/\/liap.eu\/index.php\/wp-json\/wp\/v2\/types\/page"}],"author":[{"embeddable":true,"href":"https:\/\/liap.eu\/index.php\/wp-json\/wp\/v2\/users\/4"}],"replies":[{"embeddable":true,"href":"https:\/\/liap.eu\/index.php\/wp-json\/wp\/v2\/comments?post=11415"}],"version-history":[{"count":2,"href":"https:\/\/liap.eu\/index.php\/wp-json\/wp\/v2\/pages\/11415\/revisions"}],"predecessor-version":[{"id":11435,"href":"https:\/\/liap.eu\/index.php\/wp-json\/wp\/v2\/pages\/11415\/revisions\/11435"}],"wp:attachment":[{"href":"https:\/\/liap.eu\/index.php\/wp-json\/wp\/v2\/media?parent=11415"}],"curies":[{"name":"wp","href":"https:\/\/api.w.org\/{rel}","templated":true}]}}